{"id":41,"date":"2018-06-01T22:18:35","date_gmt":"2018-06-01T20:18:35","guid":{"rendered":"https:\/\/www.am-simssee.de\/?page_id=41"},"modified":"2024-12-04T09:37:20","modified_gmt":"2024-12-04T08:37:20","slug":"startseite","status":"publish","type":"page","link":"https:\/\/www.am-simssee.de\/","title":{"rendered":"Startseite"},"content":{"rendered":"<h1>aktuelles &#8230; aktuelles &#8230; aktuelles &#8230;<\/h1>\n<h1>Unsere FERIENWOHNUNG wird 2025 erst ab dem 1. August wieder zur Verf\u00fcgung stehen.<\/h1>\n<h1>GUSTL, der Sch\u00e4ferwagen, wird je nach Wetter im April oder Mai 2025 aus dem Winterquartier geholt.<\/h1>\n<h1><\/h1>\n<h1>&#8220;Habe die Ehre&#8221;<\/h1>\n<p>Ein herzliches &#8221; Habe die Ehre und Gr\u00fc\u00df Gott&#8221;!<\/p>\n<p>Sie m\u00f6chten Ihren Urlaub in einer wundersch\u00f6nen und abwechslungsreichen Region Bayerns verbringen? Sie lieben Berge, Fl\u00fcsse und Seen? Sie m\u00f6chten wandern oder die Seen im Chiemgau kennenlernen? Sie m\u00f6chten eine wundersch\u00f6ne Gegend mit dem Rad erkunden? Sie suchen Abwechslung in Museen und bei Konzerten?<\/p>\n<p>Unsere Region bietet von allem etwas. Freuen Sie sich darauf!<\/p>\n<h1>Unsere &#8221; Weltstadt&#8221; mit Herz &#8230;<\/h1>\n<p>&#8230; Untershofen, die &#8220;Weltstadt mit Herz&#8221; liegt im Gemeindegebiet S\u00f6chtenau, zwischen M\u00fcnchen und Salzburg. Der wundersch\u00f6ne und naturnahe Simssee, das Bayerische Meer, der Chiemsee und der Chiemgau und die Chiemgauer Alpen sind zum Greifen nahe.<\/p>\n<p>Die reizvolle Stadt Rosenheim, das nette St\u00e4dtchen Wasserburg, Traunstein und Trostberg &#8211; \u00fcberall finden Sie sch\u00f6ne Caf\u00e9s, Gastst\u00e4tten und sehenswerte Stra\u00dfenz\u00fcge. Sie sind immer einen Ausflug wert.<\/p>\n","protected":false},"excerpt":{"rendered":"<p>aktuelles &#8230; aktuelles &#8230; aktuelles &#8230; Unsere FERIENWOHNUNG wird 2025 erst ab dem 1. August wieder zur Verf\u00fcgung stehen. GUSTL, der Sch\u00e4ferwagen, wird je nach Wetter im April oder Mai 2025 aus dem Winterquartier geholt. &#8220;Habe die Ehre&#8221; Ein herzliches &#8221; Habe die Ehre und Gr\u00fc\u00df Gott&#8221;! Sie m\u00f6chten Ihren&#8230;<\/p>\n","protected":false},"author":1,"featured_media":0,"parent":0,"menu_order":0,"comment_status":"closed","ping_status":"closed","template":"template-frontpage.php","meta":{"_monsterinsights_skip_tracking":false,"_monsterinsights_sitenote_active":false,"_monsterinsights_sitenote_note":"","_monsterinsights_sitenote_category":0},"_links":{"self":[{"href":"https:\/\/www.am-simssee.de\/index.php\/wp-json\/wp\/v2\/pages\/41"}],"collection":[{"href":"https:\/\/www.am-simssee.de\/index.php\/wp-json\/wp\/v2\/pages"}],"about":[{"href":"https:\/\/www.am-simssee.de\/index.php\/wp-json\/wp\/v2\/types\/page"}],"author":[{"embeddable":true,"href":"https:\/\/www.am-simssee.de\/index.php\/wp-json\/wp\/v2\/users\/1"}],"replies":[{"embeddable":true,"href":"https:\/\/www.am-simssee.de\/index.php\/wp-json\/wp\/v2\/comments?post=41"}],"version-history":[{"count":10,"href":"https:\/\/www.am-simssee.de\/index.php\/wp-json\/wp\/v2\/pages\/41\/revisions"}],"predecessor-version":[{"id":793,"href":"https:\/\/www.am-simssee.de\/index.php\/wp-json\/wp\/v2\/pages\/41\/revisions\/793"}],"wp:attachment":[{"href":"https:\/\/www.am-simssee.de\/index.php\/wp-json\/wp\/v2\/media?parent=41"}],"curies":[{"name":"wp","href":"https:\/\/api.w.org\/{rel}","templated":true}]}}