{"id":16,"date":"2018-06-01T21:58:06","date_gmt":"2018-06-01T19:58:06","guid":{"rendered":"https:\/\/www.am-simssee.de\/?page_id=16"},"modified":"2024-12-29T20:56:42","modified_gmt":"2024-12-29T19:56:42","slug":"preise","status":"publish","type":"page","link":"https:\/\/www.am-simssee.de\/index.php\/preise\/","title":{"rendered":"Preise"},"content":{"rendered":"<h1>Preise Ferienwohnung<\/h1>\n<table>\n<thead>\n<tr>\n<th>Aufenthaltsdauer<\/th>\n<th>Preis<\/th>\n<\/tr>\n<\/thead>\n<tbody>\n<tr>\n<td>1 Nacht<\/td>\n<td>100\u20ac<\/td>\n<\/tr>\n<tr>\n<td>2 N\u00e4chte<\/td>\n<td>82\u20ac\/ Nacht<\/td>\n<\/tr>\n<tr>\n<td>3 &#8211; 6 N\u00e4chte<\/td>\n<td>74\u20ac\/ Nacht<\/td>\n<\/tr>\n<tr>\n<td>ab 7 N\u00e4chten<\/td>\n<td>68\u20ac\/ Nacht<\/td>\n<\/tr>\n<\/tbody>\n<\/table>\n<p>F\u00fcr jede weitere Person bereiten wir f\u00fcr einen Aufpreis von 10\u20ac\/ Nacht die Schlafcouch vor.<\/p>\n<p>Gerne begr\u00fc\u00dfen wir nach Absprache auch Ihre Vierbeiner bei uns.<\/p>\n<h1>Preise &#8220;Gustl&#8221;<\/h1>\n<table>\n<thead>\n<tr>\n<th>Aufenthaltsdauer<\/th>\n<th>Preis<\/th>\n<\/tr>\n<\/thead>\n<tbody>\n<tr>\n<td>1 Nacht<\/td>\n<td>80\u20ac<\/td>\n<\/tr>\n<tr>\n<td>2 N\u00e4chte<\/td>\n<td>66\u20ac\/ Nacht<\/td>\n<\/tr>\n<tr>\n<td>\u00a0ab 3 N\u00e4chten<\/td>\n<td>55\u20ac\/ Nacht<\/td>\n<\/tr>\n<\/tbody>\n<\/table>\n<p>Bettw\u00e4sche, Hand- und Duscht\u00fccher sind vorhanden. Werden eigene Bettw\u00e4sche und Handt\u00fccher mitgebracht, ber\u00fccksichtigen wir dies mit einem einmaligen Rabatt in H\u00f6he von 10,00\u20ac.<\/p>\n","protected":false},"excerpt":{"rendered":"<p>Preise Ferienwohnung Aufenthaltsdauer Preis 1 Nacht 100\u20ac 2 N\u00e4chte 82\u20ac\/ Nacht 3 &#8211; 6 N\u00e4chte 74\u20ac\/ Nacht ab 7 N\u00e4chten 68\u20ac\/ Nacht F\u00fcr jede weitere Person bereiten wir f\u00fcr einen Aufpreis von 10\u20ac\/ Nacht die Schlafcouch vor. Gerne begr\u00fc\u00dfen wir nach Absprache auch Ihre Vierbeiner bei uns. Preise &#8220;Gustl&#8221; Aufenthaltsdauer&#8230;<\/p>\n","protected":false},"author":1,"featured_media":0,"parent":0,"menu_order":0,"comment_status":"closed","ping_status":"closed","template":"","meta":{"_monsterinsights_skip_tracking":false,"_monsterinsights_sitenote_active":false,"_monsterinsights_sitenote_note":"","_monsterinsights_sitenote_category":0},"_links":{"self":[{"href":"https:\/\/www.am-simssee.de\/index.php\/wp-json\/wp\/v2\/pages\/16"}],"collection":[{"href":"https:\/\/www.am-simssee.de\/index.php\/wp-json\/wp\/v2\/pages"}],"about":[{"href":"https:\/\/www.am-simssee.de\/index.php\/wp-json\/wp\/v2\/types\/page"}],"author":[{"embeddable":true,"href":"https:\/\/www.am-simssee.de\/index.php\/wp-json\/wp\/v2\/users\/1"}],"replies":[{"embeddable":true,"href":"https:\/\/www.am-simssee.de\/index.php\/wp-json\/wp\/v2\/comments?post=16"}],"version-history":[{"count":17,"href":"https:\/\/www.am-simssee.de\/index.php\/wp-json\/wp\/v2\/pages\/16\/revisions"}],"predecessor-version":[{"id":792,"href":"https:\/\/www.am-simssee.de\/index.php\/wp-json\/wp\/v2\/pages\/16\/revisions\/792"}],"wp:attachment":[{"href":"https:\/\/www.am-simssee.de\/index.php\/wp-json\/wp\/v2\/media?parent=16"}],"curies":[{"name":"wp","href":"https:\/\/api.w.org\/{rel}","templated":true}]}}